{"id":114,"date":"2013-08-25T18:26:31","date_gmt":"2013-08-25T18:26:31","guid":{"rendered":"http:\/\/grocon.de\/?page_id=114"},"modified":"2015-01-20T10:53:30","modified_gmt":"2015-01-20T10:53:30","slug":"regulatorisches-projekt-emir","status":"publish","type":"page","link":"https:\/\/grocon.de\/?page_id=114","title":{"rendered":"Regulatorisches Projekt EMIR"},"content":{"rendered":"<table>\n<tbody>\n<tr>\n<td width=\"177\">T\u00e4tigkeitsort:<\/td>\n<td width=\"437\">Bank in Frankfurt<\/td>\n<\/tr>\n<tr>\n<td width=\"177\">T\u00e4tigkeitsdauer:<\/td>\n<td width=\"437\">&gt; 1\u00a0 Jahr<\/td>\n<\/tr>\n<tr>\n<td width=\"177\">Position:<\/td>\n<td width=\"437\">Projektleiter<\/td>\n<\/tr>\n<tr>\n<td width=\"177\">Kurzbeschreibung:<\/td>\n<td width=\"437\">Regulatorische Umsetzungen \u00a0f\u00fcr die EMIR insb. risikominimierende Ma\u00dfnahmen und Meldungen an ein Transaktionsregister<\/td>\n<\/tr>\n<\/tbody>\n<\/table>\n<p>T\u00e4tigkeitsschwerpunkte:<\/p>\n<ul>\n<li>Analyse der potentiellen EMIR Umsetzungen<\/li>\n<li>Erstellung von technischen Hilfsmitteln zur automatischen Vertragserstellung (EMIR-Anh\u00e4nge zum DRV; bilaterale Vereinbarungen; Meldevertr\u00e4ge etc)<\/li>\n<li>Umsetzungen der risikominimierenden Ma\u00dfnahmen:\n<ul>\n<li>Anpassungen der Best\u00e4tigungsprozesse; insb. Abschaffung von Papierbest\u00e4tigungen und Optimierung bestehender Prozesse<\/li>\n<li>Auswahl einer (Dritthersteller-) Software zur Prozessunterst\u00fctzung des Portfolioabgleichs<\/li>\n<li>Implementierung der Software und Anpassung der notwendigen Bankprozesse<\/li>\n<li>Zus\u00e4tzlich: Unterst\u00fctzung bei der Einf\u00fchrung des Portfolioabgleichs via. TriResolve (Drittanbieter insb. im Interbankenmarkt)<\/li>\n<\/ul>\n<\/li>\n<\/ul>\n<ul>\n<li>Umsetzung der Meldungen an ein Transaktionsregister (hier: DTCC DDRL)\n<ul>\n<li>Analyse und fortw\u00e4hrende Detaillierung der Anforderungen zur TR-Meldung<\/li>\n<li>Anbindung der Handelssysteme an DTCC London (alle OTC Derivate)<\/li>\n<li>Annahme der ETD \u2013 Daten (B\u00f6rsengehandelte Derivate) eines externen Serviceproviders und Aufbereitung in das DTCC Zielformat<\/li>\n<li>Automatischer Prozess zur Vornahme von Kundenmeldungen<\/li>\n<li>Aufbau eines Kundenreporting (Online-Kundenportal)<\/li>\n<li>Aufbau einer zentralen \u00dcberwachung der vollautomatischen Meldung<\/li>\n<li>Meldung von Sicherheiten f\u00fcr alle Produkte (OTC und ETD)<\/li>\n<li>Aufbereitung historischer (ausgelaufener Gesch\u00e4fte) f\u00fcr die Einmalmeldung<\/li>\n<li>Erweiterung und initiale Bef\u00fcllung der Stammdatensysteme mit EMIR-relevante Daten (z.B. LEI, Kundenmeldung etc)<\/li>\n<li>Erweiterung der Identifier (UPI, UTI)<\/li>\n<\/ul>\n<\/li>\n<\/ul>\n","protected":false},"excerpt":{"rendered":"<p>T\u00e4tigkeitsort: Bank in Frankfurt T\u00e4tigkeitsdauer: &gt; 1\u00a0 Jahr Position: Projektleiter Kurzbeschreibung: Regulatorische Umsetzungen \u00a0f\u00fcr die EMIR insb. risikominimierende Ma\u00dfnahmen und Meldungen an ein Transaktionsregister T\u00e4tigkeitsschwerpunkte: Analyse der potentiellen EMIR Umsetzungen Erstellung von technischen Hilfsmitteln zur automatischen Vertragserstellung (EMIR-Anh\u00e4nge zum DRV; &hellip; <a href=\"https:\/\/grocon.de\/?page_id=114\">Weiterlesen <span class=\"meta-nav\">&rarr;<\/span><\/a><\/p>\n","protected":false},"author":1,"featured_media":0,"parent":47,"menu_order":7,"comment_status":"closed","ping_status":"closed","template":"","meta":{"footnotes":""},"_links":{"self":[{"href":"https:\/\/grocon.de\/index.php?rest_route=\/wp\/v2\/pages\/114"}],"collection":[{"href":"https:\/\/grocon.de\/index.php?rest_route=\/wp\/v2\/pages"}],"about":[{"href":"https:\/\/grocon.de\/index.php?rest_route=\/wp\/v2\/types\/page"}],"author":[{"embeddable":true,"href":"https:\/\/grocon.de\/index.php?rest_route=\/wp\/v2\/users\/1"}],"replies":[{"embeddable":true,"href":"https:\/\/grocon.de\/index.php?rest_route=%2Fwp%2Fv2%2Fcomments&post=114"}],"version-history":[{"count":3,"href":"https:\/\/grocon.de\/index.php?rest_route=\/wp\/v2\/pages\/114\/revisions"}],"predecessor-version":[{"id":134,"href":"https:\/\/grocon.de\/index.php?rest_route=\/wp\/v2\/pages\/114\/revisions\/134"}],"up":[{"embeddable":true,"href":"https:\/\/grocon.de\/index.php?rest_route=\/wp\/v2\/pages\/47"}],"wp:attachment":[{"href":"https:\/\/grocon.de\/index.php?rest_route=%2Fwp%2Fv2%2Fmedia&parent=114"}],"curies":[{"name":"wp","href":"https:\/\/api.w.org\/{rel}","templated":true}]}}